et m = g + 14. What is the units digit of m?
9
Suppose -d = -5*z + 3090, 3*d + 717 = 2*z - 506. What is the tens digit of z?
1
Let d(h) be the third derivative of h**6/120 + 17*h**5/60 - 5*h**4/6 - 8*h**3/3 - 2*h**2. What is the units digit of d(-18)?
0
Let p(x) = -148*x + 15. What is the tens digit of p(-9)?
4
Let s be (-1506)/15 - (-3)/(45/6). Let o = 164 + s. What is the units digit of o?
4
Let p(r) = 3*r**2 - 28*r - 16. What is the tens digit of p(-12)?
5
Suppose -5*t - 2 = -622. Suppose v = 0, -2 = 2*q - 2*v - t. What is the units digit of q?
1
Let d(o) = 3*o - 4*o + 4*o + 2 - 6*o. Let f be d(2). What is the units digit of 1/4 + (-91)/f?
3
Let r = -991 - -2959. What is the tens digit of r?
6
Let r(m) = 328*m - 100. What is the hundreds digit of r(10)?
1
Let x = -217 + 141. Let c be x/(-12) - (-2)/3. Let i(k) = -k**2 + 10*k + 8. What is the tens digit of i(c)?
2
Let o = 23 + -15. Suppose o*f - 470 = -62. What is the tens digit of f?
5
Let d = 635 - 291. What is the tens digit of d?
4
Suppose 5*q - 2190 = -0*q. Suppose -4*i + n = -9*i + q, -2*n - 255 = -3*i. What is the tens digit of i?
8
Let v(c) = 8 + 0*c**2 + 4 + c**2. What is the units digit of v(6)?
8
Suppose -h - 3*h + 20 = 0. Suppose h*x - 2*u = 192, 3*x - 2*u = -u + 116. What is the units digit of x?
0
Suppose -n + 2769 = 4*i, 3*i = 4*i - 3*n - 702. What is the hundreds digit of i?
6
Suppose -13*i + 14*i - 3*z = 195, 4*i - 798 = 3*z. What is the tens digit of i?
0
Let u(j) = -59*j - 17. What is the tens digit of u(-3)?
6
Let m(b) be the third derivative of -5*b**4/8 + b**3/3 - 8*b**2. What is the units digit of m(-2)?
2
What is the units digit of -337*(4 + -5) + -2?
5
Suppose 5*i + 20*s - 23*s - 16841 = 0, 4*s - 10122 = -3*i. What is the units digit of i?
0
Let n = -1189 + 1691. Suppose -102 = 8*m - n. What is the tens digit of m?
5
Let d = -2 - -5. Let x be 1 + 0/d - -1. What is the units digit of (x - (3 - 2)) + 2?
3
What is the tens digit of (-132)/(-3)*(-10 + 32)?
6
Let f(t) = t**2 - 16*t + 19. Let h be f(15). Let q(n) = n - 6*n + 3*n - h*n - 3. What is the tens digit of q(-3)?
1
Suppose -4*s + q + 1 = 0, -2*s - 5*q - 5 = s. Let y be s*2*(-1)/(-4). Suppose y = -6*d + d - 5*j + 200, -4*d = -5*j - 160. What is the units digit of d?
0
Let h be 4/(-10) + 54/10. Suppose 0 = 3*u - 12, -4*d + h = -5*u + 17. Suppose d*p + 3 = 13. What is the units digit of p?
5
Let g be 3*2 + 6 + -9. What is the units digit of -2 + (-1 + g - -84)?
4
Suppose 3*h - 7120 = 4*t, 3*t = 5*h - 2*h - 7125. Suppose h = -2*k + 12*k. What is the hundreds digit of k?
2
Let a(h) = -h**3 + h**2 - 9*h - 1. Let r be a(-6). Suppose y + 459 = 4*y - 5*d, 2*y - 3*d = r. What is the hundreds digit of y?
1
Suppose -23*z + 111890 - 19200 = 0. What is the hundreds digit of z?
0
Let k(s) = -s**3 - 58*s**2 + 105*s + 14. What is the hundreds digit of k(-60)?
9
Suppose 0 = 5*v + 23 - 3, -5*n - 4*v = -4. Suppose -n*z = 4*x, 3*z = 2*x - 2*z - 21. Suppose 83 + 67 = x*w. What is the units digit of w?
0
Let a(k) = -k**3 + 8 + 2*k + 3*k + 4*k**2 + k**2. Let r be a(6). Suppose 2*g - r*h - 18 = -0*g, 3*g + h - 43 = 0. What is the tens digit of g?
1
Let d(r) = -4*r**2 + 2*r + 5 + 0*r**3 + r**3 + 4*r**2 + 4*r**2. Let k be d(-5). What is the units digit of 14/(-35)*k/1?
2
Suppose -3*r = -r + 2*f - 46, -4*f - 4 = 0. Let s = 22 - r. What is the tens digit of (-4 + -2)*9/s?
2
Let t = 6600 - 4563. What is the hundreds digit of t?
0
Let x be (1 + 4/(-8))*0. Suppose 4*l = -2*j + 116, x = -3*j + 4*j + 3*l - 62. What is the units digit of j?
0
What is the thousands digit of 5709 - (0/(4 + 1) + -1)?
5
Let v(o) = -o**2 + 34*o - 55. What is the tens digit of v(30)?
6
Suppose -29*w = -27*w + 4*t - 48, 0 = -4*w + t + 51. What is the tens digit of w?
1
Let x(p) = -122*p**3 + 3*p + 2. Let y be x(-2). Let s = y + -639. Suppose -14*m + s = -5*m. What is the units digit of m?
7
Let y = 16 + -15. What is the units digit of (-18 - -101) + y + 1?
5
Let g = -134 + 143. Let f(a) = a**2 + 7*a - 23. What is the hundreds digit of f(g)?
1
Let x(m) = -11*m + 59. What is the units digit of x(-10)?
9
Let i = 3305 - -1487. What is the tens digit of i?
9
Let m(g) = -g**2 - 4*g + 7. Let f be m(2). What is the hundreds digit of -58*(10/(-4) - (-5 - f))?
1
Suppose 4*v - 4*m - 16 = 0, -m - 4*m - 10 = 0. Let h = -52 + 57. Suppose 0 = v*n - 107 - h. What is the tens digit of n?
5
Let l be (174/9)/((-1)/(-9)). Suppose -8*u = -2*u - l. Let q = u + 0. What is the tens digit of q?
2
Let i = 40 - 10. Let n = i + -1. Let g = 45 - n. What is the units digit of g?
6
Let w(d) = 39*d**2 + d + 1. Let l be w(-1). Let s = -9 + l. What is the tens digit of s?
3
Suppose 3*m - 1515 = 3*k, 0 = 5*m + 26*k - 23*k - 2549. What is the units digit of m?
8
Let d = 613 - 367. Let f = d - 167. What is the units digit of f?
9
Let v(c) = -2*c - 4. Let b(o) = -5*o - 7. Let n(j) = -4*b(j) + 9*v(j). Let m be n(-9). Let i = m + 95. What is the units digit of i?
9
Let o = 30 - 38. Let q(u) = -u**3 - 8*u**2 - u - 11. Let a be q(o). What is the units digit of 6 + a - (-28 + -4)?
5
Suppose 12*z - 10*z - 780 = 0. What is the tens digit of z?
9
Let n = -262 - -1007. What is the hundreds digit of n?
7
Let g = 4 + -2. What is the units digit of g/6 + 1856/48?
9
Let h(a) be the first derivative of 4*a**2 + 12*a - 26. What is the units digit of h(16)?
0
What is the thousands digit of 46971/(-255)*((-44)/6 - 1)?
1
Let v = 3002 + -734. What is the hundreds digit of v?
2
Let b(a) = -a**2 + 17*a + 26. Let k be b(19). What is the units digit of (-1 + -1 + 1)*k?
2
Suppose -58*y = -0*y - 248936. What is the hundreds digit of y?
2
Suppose -2*t + 3*t + 6 = 0. Let h be 10 + (-6 - (t - -4)). Suppose 236 = h*f - 2*f. What is the units digit of f?
9
Suppose 4 = 3*r + 1, 5*r = -3*j + 2474. What is the hundreds digit of j?
8
Suppose 305 = c + y, -1 + 0 = y. Suppose 261 = 7*w - c. What is the units digit of w?
1
Let d be 0/11 - (-54)/(-1). Let l = d + 69. What is the tens digit of l?
1
Let h(n) = -7*n - 3. Let q be h(-1). Suppose q*s + 6*o = 2*o + 60, -3*s - 4*o + 44 = 0. What is the units digit of s?
6
Suppose y - 2*y - 11 = 0. Let b be ((-1)/(-4))/(y/(-220)). What is the units digit of ((-4)/b)/(2/(-60))?
4
Let a be 3*(1 + 597/9 + -1). Let f = a - 102. What is the tens digit of f?
9
Let v(q) = -4*q - 1. Let c be v(1). Let s = 8 + c. Suppose 3*i = -0 + s. What is the units digit of i?
1
Let z = 21 + -33. Let f = z - -38. What is the units digit of f?
6
What is the tens digit of ((-8163)/(-3))/((-2 - -4) + 1)?
0
Let u(n) = n**3 - 7*n**2 - n + 2. Let k be u(7). Let c(v) = -16*v - 6. What is the units digit of c(k)?
4
Suppose 18932 = 32*y - 37868. What is the thousands digit of y?
1
Suppose -2*g + 1232 = 2*a, -7*g + 2*a = -8*g + 612. What is the units digit of g?
0
Let s = -20 + 26. Suppose -7*k = -s*k - 199. What is the units digit of k?
9
Suppose 7*q - 372 = 1350. Let a = -162 + q. What is the tens digit of a?
8
Let q(u) = 19*u + 492. What is the hundreds digit of q(-10)?
3
Let q = 116 - 72. What is the tens digit of q?
4
Let w(q) = q - 17. Let i be w(-5). Let d = i - -26. What is the units digit of d?
4
What is the hundreds digit of 465 - (16/(-64) - (-42)/8)?
4
Suppose -19226 - 4532 = -7*v. What is the units digit of v?
4
Suppose 5*t - 6*n = -7*n + 4425, -3*n + 2643 = 3*t. What is the hundreds digit of t?
8
Suppose 13*g + 457 = 4734. What is the hundreds digit of g?
3
Let m = -16 + 21. Suppose 5*l - 927 = -m*k - 297, -5*k + l = -612. What is the tens digit of k?
2
Suppose -t - 4*t = -15. Let b be (-24)/42 + (-60)/(-7) + -2. Suppose 34 = 2*g + t*a, 0 = b*a - a - 20. What is the tens digit of g?
1
Let i(m) be the first derivative of m**4/4 + 13*m**3/3 - 4*m**2 - 14*m - 25. What is the tens digit of i(-13)?
9
Let a(z) = -18*z + 2. What is the units digit of a(-48)?
6
Suppose -3*a = -0 - 0. Suppose -8*j + 10*j - 452 = a. What is the hundreds digit of j?
2
Suppose 0 = 25*t - 8*t - 9945. What is the hundreds digit of t?
5
Let h(w) = 4*w**2 + w. What is the hundreds digit of h(-7)?
1
Let u = 23 - 21. Let r(i) = u*i - 5*i - 13 - 4*i - 2*i. What is the units digit of r(-6)?
1
Let o = -76 - -40. Let s be o/(4/1) - 0. Let z(x) = -x**2 - 13*x - 6. What is the tens digit of z(s)?
3
Let x = 17 + 43. Let b = x + -30. What is the units digit o